{"id":1419,"date":"2020-10-18T18:03:05","date_gmt":"2020-10-18T16:03:05","guid":{"rendered":"http:\/\/ycm-berlin.de\/blog\/?page_id=1419"},"modified":"2020-11-02T12:00:38","modified_gmt":"2020-11-02T11:00:38","slug":"1419-2","status":"publish","type":"page","link":"https:\/\/ycm-berlin.de\/blog\/1419-2\/","title":{"rendered":"YCM-Jugend-Padlet"},"content":{"rendered":"\n<p>Hier sind f\u00fcr euch Segel-Videos, n\u00fctzliche Informationen, interessante Links sowie Knotenanleitungen und R\u00e4tsel auf einer digitalen Pinnwand (Padlet) gesammelt. <br>Wenn ihr oben rechts vom Padlet klickt, \u00f6ffnet sich das Fenster im Vollbildmodus.<\/p>\n\n\n\n<div class=\"h5p-content\" data-content-id=\"1\"><\/div>\n","protected":false},"excerpt":{"rendered":"<p>Hier sind f\u00fcr euch Segel-Videos, n\u00fctzliche Informationen, interessante Links sowie Knotenanleitungen und R\u00e4tsel auf einer digitalen Pinnwand (Padlet) gesammelt. Wenn ihr oben rechts vom Padlet klickt, \u00f6ffnet sich das Fenster im Vollbildmodus.<\/p>\n","protected":false},"author":2,"featured_media":0,"parent":0,"menu_order":0,"comment_status":"closed","ping_status":"closed","template":"","meta":[],"_links":{"self":[{"href":"https:\/\/ycm-berlin.de\/blog\/wp-json\/wp\/v2\/pages\/1419"}],"collection":[{"href":"https:\/\/ycm-berlin.de\/blog\/wp-json\/wp\/v2\/pages"}],"about":[{"href":"https:\/\/ycm-berlin.de\/blog\/wp-json\/wp\/v2\/types\/page"}],"author":[{"embeddable":true,"href":"https:\/\/ycm-berlin.de\/blog\/wp-json\/wp\/v2\/users\/2"}],"replies":[{"embeddable":true,"href":"https:\/\/ycm-berlin.de\/blog\/wp-json\/wp\/v2\/comments?post=1419"}],"version-history":[{"count":6,"href":"https:\/\/ycm-berlin.de\/blog\/wp-json\/wp\/v2\/pages\/1419\/revisions"}],"predecessor-version":[{"id":1503,"href":"https:\/\/ycm-berlin.de\/blog\/wp-json\/wp\/v2\/pages\/1419\/revisions\/1503"}],"wp:attachment":[{"href":"https:\/\/ycm-berlin.de\/blog\/wp-json\/wp\/v2\/media?parent=1419"}],"curies":[{"name":"wp","href":"https:\/\/api.w.org\/{rel}","templated":true}]}}